hird derivative of -1/2*t**3 + 1/24*t**4 + 0 + 0*t + 3*t**2. Let u be ((-32)/(-10))/((-2)/(-5)). Determine n(u).
5
Let a(n) = -16*n - 57. Let w(u) = 9*u + 32. Let m(i) = 4*a(i) + 7*w(i). Suppose 5*g + 4*l + 26 = -111, 4*g + 97 = l. Let f = 19 + g. What is m(f)?
2
Let p(c) be the third derivative of c**5/60 - c**4/24 - c**3/6 + 2*c**2. Let m be ((-4 - -4)/((-1)/(-5)*5))/3. Determine p(m).
-1
Let h(f) = -2*f**2 - 5*f + 16. Let w be h(2). Let p be 1*(w - (-5 + 4)). Let y(t) = -19*t**3 - t**2 - 2*t - 1. Determine y(p).
19
Suppose x - 2 = 5*c, 0*c - 6 = -5*c - 3*x. Let a(d) = -5*d**2 + 40*d + 2. Let r(f) = -28*f**2 + 220*f + 9. Let u(o) = -11*a(o) + 2*r(o). What is u(c)?
-4
Let x be (-1 - -4)*((-98)/21 + 5). Let n(t) = -t**3 + 4*t**2 + 3*t - 5. Let a(l) = 2*l**2 - 1. Let w(o) = x*a(o) - n(o). Give w(3).
4
Suppose -2*o - 3*o = -20, 3*o - 426 = -3*c. Let k(j) = 0*j**2 - j**2 + 3*j - 139 - 4*j + c. Suppose -3*d + 2*g + 10 + 4 = 0, 3*g = -12. What is k(d)?
-7
Let o(v) be the first derivative of v**3/6 - 6*v**2 - 230*v - 52. Let m(p) be the first derivative of o(p). Determine m(0).
-12
Let i(s) = 45*s**2 - 5. Let u(h) = -16*h**2 + 2. Let t = 173 + -165. Let p(c) = t*u(c) + 3*i(c). Determine p(-1).
8
Let u(w) = 5*w**3 + 11*w**2 + 13*w - 2. Let g(p) = 3*p**3 + 7*p**2 + 8*p - 2. Let f(o) = -8*g(o) + 5*u(o). What is f(4)?
58
Suppose 7003*l = 7042*l. Let o(f) be the third derivative of 1/24*f**6 + l*f**5 + 0*f + 1/12*f**4 + 1/6*f**3 + 35*f**2 + 0. Calculate o(-1).
-6
Let i(k) = k**2 - k + 42. Let t = 2478 + -2478. Calculate i(t).
42
Let n(g) be the second derivative of -47*g**3/6 - 3*g**2/2 - 3643*g. Give n(-1).
44
Let x(k) = k + 1. Suppose v + n = 0, 2*v - 26 = 2*n - 6. Let l be v + 3/((-3)/(-2)). Let z be (-57)/(-21) - l/((-147)/6). What is x(z)?
4
Let g(f) = -5*f**2 + 36*f - 5. Suppose 77*s - 1876 = -76*s - 115*s. What is g(s)?
2
Let p be (-6)/30 - (32/90)/(6/(-9)). Let l(r) be the first derivative of 0*r**2 - 18 - r + p*r**3. Give l(1).
0
Let t = 2 - 8. Let d = 18 + t. Suppose -10*w + 16*w = -d. Let b(j) = -2*j**2 - 3*j - 2. Give b(w).
-4
Let l(x) = 0*x - 23 - x - 3*x - 7*x + x**2. Let h = 87191 - 87178. What is l(h)?
3
Let t(g) = g**2 + 14 - 4*g - 10*g + 2*g + 7*g + g. Give t(6).
26
Let y(m) = m - 4. Let t(k) = 2*k - 1. Let w(n) = -n**3 + 16*n**2 - 29*n + 17. Let c be w(14). Let q(z) = c*t(z) - y(z). What is q(-3)?
-14
Let k(i) = 13*i**2 + 3 + 385565*i - 385562*i + 0. Give k(-1).
13
Suppose y + 36 = -5*z - y, -2*z + 2*y = 6. Let b(f) be the first derivative of -f**3/3 - 3*f**2/2 + 13*f + 1145. Give b(z).
-5
Let v(u) = u**2 - u - 5. Let c = 65 + -63. Let l(p) = 5*p**2 - 4*p + 2. Let m be l(c). Suppose 2*h = 5*i + 10, -i - h = h + m. Determine v(i).
15
Let g(l) be the second derivative of -l**4/12 - 2*l**3/3 + 9*l**2/2 + 344*l - 2. Let u be 92/(-16) + (-6)/(-8). What is g(u)?
4
Let c(x) = x**3 + 6*x**2 - 13*x + 11. Let t(z) = -2*z**3 - 27*z**2 - 30*z + 64. Let p be t(-12). Give c(p).
-13
Suppose -11 - 4 = -5*u. Let k(w) = -20*w**3 + 23*w**3 + 1 - 5*w + u*w. Let x = -2794 - -2795. Determine k(x).
2
Suppose 67*p = 65*p + 24. Suppose 4*u = p - 0. Let k(r) = r**2 + 5*r + 6. Let i(m) = 1. Let w(v) = u*i(v) - k(v). Determine w(-4).
1
Let p(f) be the first derivative of 11*f**4/4 - f + 262. What is p(-1)?
-12
Let w(z) = 4*z - 3. Let u be (3 - 42/12)*-244. Suppose 116 = p + u. Calculate w(p).
-27
Suppose 16 = h - o, -3*o = h - 6*o - 22. Let t(c) = 2*c - 2 + h - 5 - 5 + 9*c**2. Let n(r) = -r**2 + r - 1. Let a be n(0). Give t(a).
8
Suppose 0 = l + f + 10, 0*l = -4*l - 2*f - 50. Let d(b) = -b**2 - 16*b - 19. Let v be d(l). Let i(h) = -h**2 - 4*h - 5. Calculate i(v).
-5
Let l(v) = 7*v**3 + v**2 + 7*v + 1. Let h(r) = -8*r**3 - 7*r - 1. Let g(p) = -6*h(p) - 7*l(p). Let b(x) = x**2 - 28*x + 165. Let j be b(9). What is g(j)?
5
Let n(h) = 4*h - 14. Let k be -3 + (-5 + (-1 - 4 - -8) - 4). What is n(k)?
-50
Suppose y - 5*y = -d - 247, 0 = -4*y + 5*d + 259. Suppose 49*c = y*c - 72. Let r(p) = -p**3 + 6*p**2 - p - 8. Give r(c).
-14
Let h(q) = -q**3 + 5*q**2 - 5*q. Suppose -4*o + 74 + 70 = 0. Let j = -32 + o. Let v be h(j). Let y(g) = -g + 4. Calculate y(v).
8
Let l(c) be the second derivative of 13*c**3/6 - 28*c**2 - 1273*c. Determine l(6).
22
Let z(d) = -d**3 - 10*d**2 + 23*d - 14. Suppose -46 = 4*w + 3*p + 2, 2*w = -3*p - 24. Determine z(w).
-2
Let h(c) = -732 + c**3 + 210 + 15*c**2 + 258 + 25*c + 250. Suppose 32 = -2*n + 6. Calculate h(n).
-1
Let g(z) be the first derivative of 1/4*z**4 + 11*z - 22 - 7/3*z**3 - 4*z**2. Calculate g(8).
11
Let m(n) = -n**3 + 17*n**2 - 14*n + 5. Let j be (0 - -27 - (0/(-1) - -5)) + -6. Give m(j).
37
Let p be -1*(1 + 0 + -1) + 2. Suppose -3*a = x + 11, p*a - 1 = 3*a + 3*x. Let v(o) = -2*o - 3. Calculate v(a).
5
Let v(d) be the third derivative of -d**9/60480 + d**7/5040 - d**6/40 - 3*d**5/20 - 42*d**2 + 1. Let h(j) be the third derivative of v(j). What is h(0)?
-18
Suppose 2196 = -26*a + 2144. Let x(o) = 5*o + 8. Calculate x(a).
-2
Let o(x) = -1214*x - 304 - 1207*x + 2381*x - x**2. Give o(-10).
-4
Let o(c) = c**3 - c**2 + 1. Let r(g) = 3*g**3 + 4*g**2 - g - 6. Let s(i) = 2*o(i) - r(i). Suppose 25*l - 63 = 57*l + 129. Calculate s(l).
2
Let l(k) = -k**2 - 2*k - 2. Let o(p) be the first derivative of -p**2 + 10*p - 1. Let d be o(-7). Suppose -3*f - d = 3*f. Determine l(f).
-10
Let g(w) = w**2 + 4*w - 14. Suppose -131*z = -84*z - 188. Determine g(z).
18
Let j be 0 + -1 - 0 - -8. Let w(t) = 4*t**2 + 2*t - 21. Let q(k) = 3*k**2 + 3*k - 18. Let x(o) = 5*q(o) - 4*w(o). What is x(j)?
-6
Suppose -7*j = -2*j + 45. Let u(t) = -t**3 + 9*t**2 - 11*t + 9. Let d be u(8). Let m = d - j. Let n(g) = g**3 + 5*g**2 - 5*g + 4. What is n(m)?
-2
Let w(y) = -y**2 - 6*y. Let q(c) = 15*c**2 - 63*c - 5. Let p(r) = -q(r) + 11*w(r). Give p(1).
-24
Let k be -21*34/2856*28/1. Let y(h) = -7*h**2 - 9*h - 19. Let s(g) = -6*g**2 - 9*g - 18. Let f(x) = 6*s(x) - 5*y(x). Give f(k).
1
Let a(z) = -183*z**2 - z**3 - 24*z**2 + 202*z**2 + 9*z + 10. Calculate a(-5).
-35
Let h(c) = c**3 - 13*c**2 + 9*c + 39. Let d = -1817 + 1829. Determine h(d).
3
Let d(b) = b**2 - 5*b + 9. Suppose 0 = -l - 2*m + 39, -2*m + 5*m + 134 = 4*l. Suppose l*k + 44 = 46*k. Determine d(k).
5
Let v(a) = 3*a**2 + 9*a + 3. Let g(k) = 2*k**2 + 6*k + 2. Let c(u) = -7*g(u) + 5*v(u). Let n = 1801 + -1807. Calculate c(n).
19
Let v(j) = -5*j + 4. Let n(t) = -41*t - 96. Let o(u) = n(u) - 6*v(u). Give o(-11).
1
Let b(l) = -l**2 - 2*l + 1. Let h(n) = -5*n**2 - 26*n + 23. Let j(w) = 6*b(w) - h(w). Suppose 10 = s - 3*i, 4*i - 1 = 3*i. Determine j(s).
-4
Let x(w) = w**3 - 5*w**2 - 6*w + 4. Let m(c) = -1 + 2*c**2 + 2*c**2 + 18*c - 18*c. Let t be m(2). Suppose -61*g + 64*g = t. What is x(g)?
-26
Suppose -26*y + 21*y = -815. Let n(c) = -169 + y + 2*c - c. What is n(-7)?
-13
Suppose 0 = k - 31*x + 30*x - 6, 3*x = -5*k - 2. Suppose -7*y = -k + 23. Let a(i) be the second derivative of i**3/3 - i**2 - 2*i. What is a(y)?
-8
Let h(w) be the first derivative of -w**2 + 8*w + 281. Give h(16).
-24
Let k(x) = -130*x**2 - x - 1. Let j = -30485 + 30484. Give k(j).
-130
Let z(l) = 2*l**3 - 12*l**2 + 53*l + 8. Let p(m) = m**3 - 5*m**2 + 26*m + 4. Let b(g) = -5*p(g) + 3*z(g). Give b(5).
-1
Let p(b) = b**2 + 4. Suppose 3*z - 40 = -2*z. Suppose 0 = 4*a - z*a. Give p(a).
4
Let x(r) be the second derivative of -r**5/20 + 3*r**4/4 + r**3 - 9*r**2/2 + 3*r. Suppose h = 3*o + 30, -2*o + 28173 = h + 28178. Give x(h).
45
Let d = 4 - -2. Let j(t) = 2*t**2 + 42*t - 60. Let y be j(-23). Let v(u) = y*u**3 + 3*u - 6 - 33*u**3 - 2*u + 2 + d*u**2. Determine v(6).
2
Suppose 617 = 42*t + 869. Let q(j) = -j**3 - 3*j**2 - 5*j - 18. What is q(t)?
120
Let x(k) = 15*k + 44669 - 9*k**3 - 44690 + 8*k**3 + 9*k**2. What is x(10)?
29
Let t(g) be the first derivative of -g**5/30 + g**4/12 - g**3/6 - g**2/2 + 13*g - 19. Let l(z) be the second derivative of t(z). What is l(2)?
-5
Suppose -2 = -3*h + 4. Let w(u) = 1 - 17*u**3 + u**2 + 19*u**3 + 0*u**3 - 5*u**3 - 2*u**3 - 3 + 2*u. Give w(h).
-34
Let o(l) be the third derivative of l**4/6 + 7*l**3 - 10*l**2 - 14. What is o(19)?
118
Let a be -7*(1 - (0 - -2)). Let c = -1083 + 1084. Let m(r) = -1 + 4 + r + c - 3 + 9. Calculate m(a).
17
Let r(a) = -a**2 + 4*a + 2. Let y(b) = 2*b**2 - 8*b - 3. Let n = -455 + 450. Let w(p) = n*r(p